{"id":74,"date":"2015-03-29T18:57:42","date_gmt":"2015-03-29T18:57:42","guid":{"rendered":"http:\/\/memoiresactives.org\/?page_id=74"},"modified":"2019-11-30T10:00:03","modified_gmt":"2019-11-30T10:00:03","slug":"formation","status":"publish","type":"page","link":"https:\/\/memoiresactives.org\/?page_id=74","title":{"rendered":"Profil"},"content":{"rendered":"<p><a href=\"http:\/\/memoiresactives.org\/wp-content\/uploads\/RaphaelCuir253.jpg\"><img loading=\"lazy\" decoding=\"async\" class=\"alignleft size-medium wp-image-199\" src=\"http:\/\/memoiresactives.org\/wp-content\/uploads\/RaphaelCuir253-235x300.jpg\" alt=\"RaphaelCuir253\" width=\"235\" height=\"300\" srcset=\"https:\/\/memoiresactives.org\/wp-content\/uploads\/RaphaelCuir253-235x300.jpg 235w, https:\/\/memoiresactives.org\/wp-content\/uploads\/RaphaelCuir253.jpg 556w\" sizes=\"auto, (max-width: 235px) 100vw, 235px\" \/><\/a><\/p>\n<p>Raphael Cuir est critique et historien d\u2019art, docteur de l\u2019Ecole des Hautes Etudes en Sciences Sociales. Sp\u00e9cialiste de la repr\u00e9sentation du corps (de la Renaissance \u00e0 nos jours), il est l\u2019auteur de <em>The development of the Study of Anatomy from the Renaissance to Cartesianism<\/em> (Edwin Mellen Press, 2009). Il a \u00e9galement contribu\u00e9 \u00e0 de nombreux ouvrages parmi lesquels <em>Transplanter<\/em> (Hermann, 2015), <em>ll corpo digitale\u00a0: natura, informazione, merce<\/em>, (G. Giappichelli Editore, 2011),\u00a0<em>Ouvrir-couvrir<\/em> (Verdier, 2004),\u00a0et dirig\u00e9 plusieurs publications dont le recueil de r\u00e9ponses \u00e0 la question \u00abPourquoi y a-t-il de l\u2019art plut\u00f4t que rien ?\u00bb (Archibooks, 2014) et Art <em>Performance : vie de l\u2019archive et actualit\u00e9<\/em> (Les Presses du r\u00e9el, 2013). En 2005-2006 il a b\u00e9n\u00e9fici\u00e9 d\u2019une bourse de recherche en r\u00e9sidence au Getty Research Institute \u00e0 Los Angeles o\u00f9 il a enseign\u00e9 \u00e0 Otis College of Art and Design. Il collabore r\u00e9guli\u00e8rement \u00e0 la revue <em>Art Press<\/em> pour laquelle il a coordonn\u00e9 un num\u00e9ro sp\u00e9cial sur le Cyborg en 2012.<\/p>\n<p>De 2012 \u00e0 2018 il a \u00e9t\u00e9 Pr\u00e9sident de l\u2019AICA France (Association Internationale des Critiques d&rsquo;art).<\/p>\n<p>De 2008 \u00e0 2010 il a \u00e9galement \u00e9t\u00e9 chef de projet scientifique de la Chaire de recherche en Cr\u00e9ation et Cr\u00e9ativit\u00e9 (CCIP, Cit\u00e9 du Design de Saint-Etienne, Acad\u00e9mie Royale des Beaux Arts de Bruxelles).<\/p>\n<p>En 1999 il a cr\u00e9\u00e9 la premi\u00e8re cha\u00eene de t\u00e9l\u00e9vision d\u00e9di\u00e9e \u00e0 l\u2019histoire de l\u2019art sur Internet \u00ab M\u00e9moires Actives \u00bb dont un best of est disponible sur le site <a href=\"http:\/\/www.dailymotion.com\/Memoires-Actives#videoId=xjublo\" target=\"_blank\">Memoires-Actives<\/a><\/p>\n<p><b>\u00a0<\/b><\/p>\n","protected":false},"excerpt":{"rendered":"<p>Raphael Cuir est critique et historien d\u2019art, docteur de l\u2019Ecole des Hautes Etudes en Sciences Sociales. Sp\u00e9cialiste de la repr\u00e9sentation du corps (de la Renaissance \u00e0 nos jours), il est l\u2019auteur de The development of the Study of Anatomy from the Renaissance to Cartesianism (Edwin Mellen Press, 2009). Il a \u00e9galement contribu\u00e9 \u00e0 de nombreux ouvrages parmi lesquels Transplanter (Hermann,<\/p>\n","protected":false},"author":1,"featured_media":0,"parent":0,"menu_order":0,"comment_status":"open","ping_status":"closed","template":"","meta":{"footnotes":""},"class_list":["post-74","page","type-page","status-publish","hentry"],"_links":{"self":[{"href":"https:\/\/memoiresactives.org\/index.php?rest_route=\/wp\/v2\/pages\/74","targetHints":{"allow":["GET"]}}],"collection":[{"href":"https:\/\/memoiresactives.org\/index.php?rest_route=\/wp\/v2\/pages"}],"about":[{"href":"https:\/\/memoiresactives.org\/index.php?rest_route=\/wp\/v2\/types\/page"}],"author":[{"embeddable":true,"href":"https:\/\/memoiresactives.org\/index.php?rest_route=\/wp\/v2\/users\/1"}],"replies":[{"embeddable":true,"href":"https:\/\/memoiresactives.org\/index.php?rest_route=%2Fwp%2Fv2%2Fcomments&post=74"}],"version-history":[{"count":13,"href":"https:\/\/memoiresactives.org\/index.php?rest_route=\/wp\/v2\/pages\/74\/revisions"}],"predecessor-version":[{"id":508,"href":"https:\/\/memoiresactives.org\/index.php?rest_route=\/wp\/v2\/pages\/74\/revisions\/508"}],"wp:attachment":[{"href":"https:\/\/memoiresactives.org\/index.php?rest_route=%2Fwp%2Fv2%2Fmedia&parent=74"}],"curies":[{"name":"wp","href":"https:\/\/api.w.org\/{rel}","templated":true}]}}

<p><a href="http://memoiresactives.org/wp-content/uploads/RaphaelCuir253.jpg"><img loading="lazy" decoding="async" class="alignleft size-medium wp-image-199" src="http://memoiresactives.org/wp-content/uploads/RaphaelCuir253-235x300.jpg" alt="RaphaelCuir253" width="235" height="300" srcset="https://memoiresactives.org/wp-content/uploads/RaphaelCuir253-235x300.jpg 235w, https://memoiresactives.org/wp-content/uploads/RaphaelCuir253.jpg 556w" sizes="auto, (max-width: 235px) 100vw, 235px" /></a></p>
<p>Raphael Cuir est critique et historien d’art, docteur de l’Ecole des Hautes Etudes en Sciences Sociales. Spécialiste de la représentation du corps (de la Renaissance à nos jours), il est l’auteur de <em>The development of the Study of Anatomy from the Renaissance to Cartesianism</em> (Edwin Mellen Press, 2009). Il a également contribué à de nombreux ouvrages parmi lesquels <em>Transplanter</em> (Hermann, 2015), <em>ll corpo digitale : natura, informazione, merce</em>, (G. Giappichelli Editore, 2011), <em>Ouvrir-couvrir</em> (Verdier, 2004), et dirigé plusieurs publications dont le recueil de réponses à la question «Pourquoi y a-t-il de l’art plutôt que rien ?» (Archibooks, 2014) et Art <em>Performance : vie de l’archive et actualité</em> (Les Presses du réel, 2013). En 2005-2006 il a bénéficié d’une bourse de recherche en résidence au Getty Research Institute à Los Angeles où il a enseigné à Otis College of Art and Design. Il collabore régulièrement à la revue <em>Art Press</em> pour laquelle il a coordonné un numéro spécial sur le Cyborg en 2012.</p>
<p>De 2012 à 2018 il a été Président de l’AICA France (Association Internationale des Critiques d&rsquo;art).</p>
<p>De 2008 à 2010 il a également été chef de projet scientifique de la Chaire de recherche en Création et Créativité (CCIP, Cité du Design de Saint-Etienne, Académie Royale des Beaux Arts de Bruxelles).</p>
<p>En 1999 il a créé la première chaîne de télévision dédiée à l’histoire de l’art sur Internet « Mémoires Actives » dont un best of est disponible sur le site <a href="http://www.dailymotion.com/Memoires-Actives#videoId=xjublo" target="_blank">Memoires-Actives</a></p>
<p><b> </b></p>

<p>Raphael Cuir est critique et historien d’art, docteur de l’Ecole des Hautes Etudes en Sciences Sociales. Spécialiste de la représentation du corps (de la Renaissance à nos jours), il est l’auteur de The development of the Study of Anatomy from the Renaissance to Cartesianism (Edwin Mellen Press, 2009). Il a également contribué à de nombreux ouvrages parmi lesquels Transplanter (Hermann,</p>
